ime factors of r.
379
Let x = 77 - 53. What are the prime factors of x?
2, 3
Suppose -4*t - t + 259 = 2*v, 0 = 3*v + 3*t - 366. What are the prime factors of v?
3, 13
Let y be 44/2*(-2)/4. Suppose 3*h - 1 = 14, 4*h + 28 = 3*w. Let x = y + w. List the prime factors of x.
5
Suppose -4*i + 75 = -3*s, 5*i - 125 = s + 4*s. Let v = 128 + -90. Let n = s + v. What are the prime factors of n?
13
Let g = 137 - 73. List the prime factors of g.
2
Let u = -9 - -234. What are the prime factors of u?
3, 5
Suppose 0 = -2*p - 4*u + 30, 2*u - 10 = -0. Suppose -p*n + 2*a = a - 73, 12 = -4*a. List the prime factors of n.
2, 7
Suppose -2*y - 2*f = -f + 7, -5*f = -5*y - 10. What are the prime factors of y/(-12) + 117/12?
2, 5
Suppose 0 = -3*r - 15, 5*r + 22 + 26 = q. Let s = q - -7. Suppose 2*u - s = -u. What are the prime factors of u?
2, 5
Let t(w) = -3*w - 4. Let v be 14/(-2) - (0 - 2). List the prime factors of t(v).
11
Suppose -24 = 4*r - 4*t, 3*t + t - 6 = -5*r. List the prime factors of (-52)/(-4) - r/(-2).
2, 3
Let j be (-1)/((-10)/(-11) - 1). Let u = -23 + 44. Let i = u - j. What are the prime factors of i?
2, 5
Suppose 2*t + 12 = -2*t, 0 = 3*q - 4*t - 60. List the prime factors of q.
2
Let j(r) be the third derivative of r**4/3 + r**3/2 - 4*r**2. Let a(k) = k + 1. Let v(p) = 6*a(p) - j(p). List the prime factors of v(-6).
3, 5
Suppose 28 = 14*y - 18*y. What are the prime factors of (-138)/y + 4/14?
2, 5
Suppose j - 18 = -0*j. Let b = j - 16. What are the prime factors of b?
2
Let p(z) be the third derivative of -z**4/24 + 7*z**3/3 + 3*z**2. What are the prime factors of p(10)?
2
Let z(d) = -d**3 + 15*d**2 - 17*d. Let f be z(12). Suppose -2*v + 2*l + l + 93 = 0, -5*v + f = -3*l. List the prime factors of v.
3, 5
Suppose -5*o + 16 = -o. Suppose 0 = -4*u + 20, o*f = -u - 2*u + 35. Suppose 4*c + 8 = -k + 3*k, f*k = -3*c + 59. List the prime factors of k.
2, 5
Suppose 25 = 5*j + 2*u, -3*u - 25 = -7*j + 2*j. What are the prime factors of (1 + 1)*(j + 9)?
2, 7
Suppose -4 = v - 3*d, v + 4*v - 18 = -4*d. Suppose -v*r = r - 72. List the prime factors of r.
2, 3
Suppose 8*j = 12*j + 276. What are the prime factors of -2 + (-1)/3*j?
3, 7
Suppose r = -4*r + 25. Suppose 94 = 2*s - 2*x, 0*s - r*x - 67 = -s. Suppose 5*m - s - 8 = 0. List the prime factors of m.
2, 5
Let i(v) = 5*v**2 + v + 2. Let x be i(-2). Let d = x + -14. What are the prime factors of d?
2, 3
Suppose w = 2 + 10. Suppose 5*j = 4*f + 26, 2*f + w = -f. List the prime factors of 0 - (j + -4 + -5).
7
Let a(d) = -2*d**2 - 1. Let t be a(-3). What are the prime factors of -1 - t - (-7 + 5)?
2, 5
Suppose -2*s + 2 + 34 = 0. Suppose -4*n + 78 = -2*q, -n + q = -q - s. List the prime factors of n.
2, 5
Let x = 12 + 35. What are the prime factors of x?
47
Suppose 6*u - 16 = 2*u. Suppose -u*a - a = -40. List the prime factors of a.
2
Let w(d) = 2*d + 165. What are the prime factors of w(0)?
3, 5, 11
Let p(r) = -3*r + 1. Let b be p(-1). Suppose -4 = -b*c + 4. List the prime factors of c.
2
Let q(g) = -g**3 - 5*g**2 - 2*g - 7. Let u = 10 + -15. What are the prime factors of q(u)?
3
Let x = 46 - 31. What are the prime factors of x?
3, 5
Suppose 3*m + 2 + 4 = 0, 5*m = -b - 6. Suppose 0 = 2*s - s - b. Suppose 0 = -s*l + 11 - 3. List the prime factors of l.
2
Let i(w) = w**3 - 9*w**2 + 6*w + 19. List the prime factors of i(9).
73
What are the prime factors of 9/(-3) + (164 - -4) + -1?
2, 41
Let y be (0 - -2)/(2/5). Suppose -y*a + 43 + 49 = 4*v, 2*v - 56 = -3*a. What are the prime factors of a?
2, 5
Let t be (11 + -1)*2/4. Suppose -3*l - t = -4*l. List the prime factors of l.
5
Suppose 0 = 4*q, 0 = 5*z + 3*q - 5*q. Suppose 3*c - c - 82 = z. What are the prime factors of c?
41
Let n = -154 + 287. List the prime factors of n.
7, 19
Let j(i) = -i**3 - 2*i. List the prime factors of j(-2).
2, 3
Let o(d) = -6*d + 10. Let t(y) = 5*y - 10. Let a(w) = -2*o(w) - 3*t(w). What are the prime factors of a(-3)?
19
Let o(f) = f + 8. Let z be o(-6). Suppose z*p = -2*p - m + 107, 4*p - 113 = 5*m. List the prime factors of p.
3
Let t be 12/(-8)*(-2 - 0). Suppose -g + 7 = t. List the prime factors of g.
2
Let a(h) = 3*h + 16. What are the prime factors of a(7)?
37
Suppose -34 = 5*x + 16. Let f be 2/(-6) + x/(-3). Suppose f*c = c + 4*b + 18, -4*c + 3*b = -51. What are the prime factors of c?
3, 5
Let d = -18 - 66. What are the prime factors of (d/(-10))/((-1)/(-5))?
2, 3, 7
Suppose -30 + 68 = 2*r. What are the prime factors of r?
19
Let v(s) = s**2 - 4. Let k be v(-3). Let o be (24/20)/(1/k). Let d = o - -1. What are the prime factors of d?
7
Suppose -4*w = -2*a + 178, -3*a + 19 = 4*w - 248. Suppose a = 5*h - k, -k - 3 = -4*k. List the prime factors of h.
2, 3
Suppose -17*z = -12*z - 910. List the prime factors of z.
2, 7, 13
Let b(r) = -r**2 - r. Let n be b(-2). Let f be (8/n)/(1*-1). Suppose 5*x - 27 = 4*c, 3*x - f*c + 12 - 33 = 0. What are the prime factors of x?
3
Suppose -190 = 12*n - 17*n. Suppose 4*w = -w - 135. Let d = w + n. List the prime factors of d.
11
Let t = 124 - -31. Suppose -6*o = -o - t. List the prime factors of o.
31
Let r(y) = -y + 4. Let j be r(3). Let p(t) = 5*t - 3. Let z(f) = 9*f - 7. Let q(l) = 9*p(l) - 4*z(l). List the prime factors of q(j).
2, 5
Let r(j) = -2*j - 2 - 1 + 0 + 4*j. Let b be (4/(-6))/((-2)/21). What are the prime factors of r(b)?
11
Let z be (8 + 0)/(-5 - -4). What are the prime factors of (5 - -1)*z/(-12)?
2
Let y(f) = -f**3 + 3*f**2 + f. Let a be y(3). What are the prime factors of a + (2 - -2) + -1?
2, 3
Let v(b) = b**3 - 5*b**2 - 4*b - 5. List the prime factors of v(7).
5, 13
Suppose -3*u + 10 = -u. Suppose -2*f = -2*d - 6, -4 = 3*d + 3*f + u. What are the prime factors of -28*(d/(-6) + -1)?
2, 7
Suppose -2*q + k + 3 = -4, 9 = -3*k. Let s be (-1)/((-2)/8) - 1. Suppose -4*g + 8 = 2*n, s*n - 2 + 6 = -q*g. List the prime factors of g.
2
Suppose -d + 36 = 3*d. Suppose 12*a - d*a - 15 = 0. List the prime factors of a.
5
Let y = -5 + -2. Let m(b) = -b**2 - 6*b + 5. Let t be m(y). What are the prime factors of t/(-10) - (-38)/10?
2
Suppose 5*x + 15 = 5*c + 5, 4*x + 2*c = 16. Suppose 0 = -0*r + x*r - 18. What are the prime factors of r?
3
Let p = -45 + 88. List the prime factors of p.
43
Let l be 3 - (3 + -2) - -32. Suppose -4*g = -130 - l. Let p = g + -29. List the prime factors of p.
2, 3
Let d(l) = 45*l**2 + l + 2. What are the prime factors of d(2)?
2, 23
Suppose -4*l = 16, d + 2*l - 8 = 1. List the prime factors of d.
17
Let x = -50 + 75. List the prime factors of x.
5
Let c = 2 - 0. What are the prime factors of c?
2
Suppose 2*d = -3*w + 455, -343 = 5*d + w - 1461. What are the prime factors of d?
223
Let p(i) be the second derivative of i**3/3 + i**2/2 - 3*i. Let m be p(1). Suppose 0 = -5*x, m*x - 6*x - 16 = -2*z. What are the prime factors of z?
2
Suppose 55 + 115 = 2*z. List the prime factors of z.
5, 17
Suppose 0*d - 4*d = -720. What are the prime factors of d/13 + (-8)/(-52)?
2, 7
Let n be (-255)/4 - (-13)/(-52). List the prime factors of n/(-3) - 2/6.
3, 7
Suppose 9 = -3*u + 5*r + 49, -5*r - 10 = 0. Suppose 4*i - u = -g + 3*g, 5*i + 3*g = 7. List the prime factors of i.
2
Suppose t - 36 = 2*b, 5*t = 3*t - 5*b + 45. What are the prime factors of t?
2, 3, 5
Let a = 19 + 18. List the prime factors of a.
37
Suppose 8*x + 5 = 3*x. Let u be (3 + -3 - x) + 1. Suppose z + 5 = u, 3*a - 3*z = 39. List the prime factors of a.
2, 5
Suppose -4*f - 33 = -4*k - f, 2*f + 34 = 4*k. Suppose 3 = -x + k. What are the prime factors of x?
2, 3
Suppose 2*x = 4*x - 4. Suppose -x*y = -y - 8. What are the prime factors of y?
2
Let x be (-4)/4 - 3*-1. Let n be (0 - 0/(-2)) + x. Let q = n - -2. List the prime factors of q.
2
Suppose 0 = 2*f - 0*f. Let d = 14 + -9. Suppose p = 4*t - 31, f*p - 41 = -d*t - p. What are the prime factors of t?
2
Let n(i) = -i - 9. Let s be n(-9). Let l be 2 + (s - (1 - -1)). What are the prime factors of 4 + 0 + l + 1?
5
Suppose 0*v - 3*v = -3*i + 111, -4*i = 2*v - 130. List the prime factors of i.
2, 17
Suppose -k - 13 = -2*l - 0*k, 3*k = -2*l + 1. Suppose 6*a - 2*a + 4*p - 176 = 0, -p + l = 0. List the prime factors of a.
3, 13
Let z(d) = d**2 - 6*d - 6. Let c be z(6). What are the prime factors of -3 - c - (3 - 18)?
2, 3
Let q be (-9)/6*12/(-9). Suppose -56 = -2*w - q*w. List the pri